= -2*s + r. Suppose 0*y = -2*y + s. What are the prime factors of y?
17
Suppose -3*p = -11*p - 80. List the prime factors of 1197/15 + (-2)/p.
2, 5
List the prime factors of ((-297)/6 - -3)/(2/(-12)).
3, 31
Let g = -55 - -891. List the prime factors of g.
2, 11, 19
Suppose -4*f + 6710 = 5*n, -9*n + 6712 = 4*f - 5*n. What are the prime factors of f?
2, 3, 5, 7
Let y(a) = 9*a - 3. Let w be y(4). Let m be (12/8)/((-6)/(-92)). Let x = w - m. List the prime factors of x.
2, 5
Let n(y) = -38*y + 83. What are the prime factors of n(-12)?
7, 11
Suppose -4*z + 119 = -d - 307, -3*z = -2*d - 322. What are the prime factors of z?
2, 53
Let n be 63/6 - (-3)/2. Let z = n - -17. List the prime factors of z.
29
Let v = -33 - -38. Suppose -v*t = -69 + 14. Let w = t + 27. What are the prime factors of w?
2, 19
Let b be ((-32)/(-12) - 2)*6. Suppose -2*m + 98 = -s + 4*s, -4*s + 104 = -b*m. List the prime factors of s.
2, 3, 5
Suppose 0 = -12*u + 14201 + 9151. List the prime factors of u.
2, 7, 139
Let i = 82 - 78. Suppose -2*p + 10 = 0, -i*k + 330 = 4*p - 26. List the prime factors of k.
2, 3, 7
Suppose -7*i - 5*r + 45 = -2*i, -4*r - 8 = 0. List the prime factors of i.
11
Let t = 28 - 28. Let w be (-9)/3 + t + 121. Suppose 3*x + 2*k = 83, 5*x - k - w = x. List the prime factors of x.
29
List the prime factors of 18/(-171) + 484530/285.
2, 5, 17
Suppose 2*s = -0*s + 6. Let i = s - -27. Let p = -14 + i. What are the prime factors of p?
2
Suppose -3*t = 403 - 2563. Suppose -3*k = -13*k + t. What are the prime factors of k?
2, 3
Let s(j) = -381*j + 9. Let d be s(7). Let v be d/((-3)/(-6)*3). What are the prime factors of v/(-36) - 2/9?
7
Let c(f) = -7*f**3 - 2*f**2 - f. Let b be c(-1). Suppose -b - 33 = 3*o. Let s = o + 15. List the prime factors of s.
2
Let h be 9/(-18)*(-1 - -1). Let y be h/(-1 + -5 - -4). List the prime factors of (-14)/3*(y - 3).
2, 7
Suppose 1104 = -2*n - 0*n. List the prime factors of 6/(-27) + n/(-54).
2, 5
Suppose -9*z + 12 = -6*z. Suppose -z*n = -6*n. Suppose 2*s + 2*o = -o + 66, n = -3*o + 12. List the prime factors of s.
3
Let i(p) = p - 12. Let y be i(17). Suppose -c - c + 5*w = -12, c + 3*w + y = 0. What are the prime factors of c*((-4)/(-2) + 1)?
3
Let n(y) be the second derivative of -y**5/20 + 7*y**4/12 + y**3/2 + 5*y**2 + 2*y. What are the prime factors of n(7)?
31
Let z = 65 - 69. Let h(a) = -a**2 - 11*a - 5. What are the prime factors of h(z)?
23
Let o be 3 + 0 + -1 + 4. Let g = 27 + o. Suppose -35 = -4*i + g. What are the prime factors of i?
17
Let c = 4 - -1. Suppose 0*b - 5 = -c*b. What are the prime factors of b/(-2)*(-1 - 49)?
5
Suppose 5*v - j = 2*j + 17, -2*v = 2*j - 10. Let a = -18 + 18. Suppose 0 = -y + v*y - n - 26, a = 5*n + 25. What are the prime factors of y?
7
Let u(o) = o + 4. Let i be u(-6). Let p = i - -7. Let s = p + 35. What are the prime factors of s?
2, 5
Suppose -5*a = 3*q - 8961 + 2350, -2*q + 4449 = -5*a. List the prime factors of q.
2, 7, 79
Let g(t) = t**2 - 4*t + 2. Suppose 2*u + 2*u - 12 = 0. Let v be 0 + 5 + -2 + u. List the prime factors of g(v).
2, 7
Suppose -53*q = -57*q + u + 7320, -3*u - 9157 = -5*q. List the prime factors of q.
31, 59
Suppose 5*w = 4 + 1. Let l(z) = -35*z - w + 8*z - 13*z. List the prime factors of l(-1).
3, 13
Let b = 16 - -146. Let h = -114 + b. What are the prime factors of h?
2, 3
Let c(y) = -y**3 + 8*y**2 - y + 7. Let t be c(7). Let d = t + 10. What are the prime factors of d?
59
Let c(o) = o**3 + 10*o**2 + 3*o + 3. Let l be c(-5). Suppose 0 = -2*u + 65 + l. List the prime factors of u.
89
List the prime factors of (-2)/(-24) + (-131205)/(-180).
3
Suppose -2*g + 2 = b + 1, 2*g + 4 = 0. Suppose -3*u = -2*d - 119 - 84, 10 = b*d. What are the prime factors of u?
3, 23
Let z be 12/(-42) - 48/(-21). Suppose 6*c - 5*c = z. Suppose 0 = 2*u - c, -5*u + 21 = s - 31. List the prime factors of s.
47
Let j = 7896 + -4393. What are the prime factors of j?
31, 113
Suppose -o - 115 = -2*o + 3*t, 3*t = -o + 91. List the prime factors of (-18)/(-9) + (0 - -2) + o.
107
List the prime factors of ((-300)/7)/((-138)/483).
2, 3, 5
Suppose -178*p = -179*p + 985. List the prime factors of p.
5, 197
Let u(y) = y**2 - 3*y + 5. Let p be u(2). Suppose 4*f - p*x = 114, 0*f + 29 = f - x. List the prime factors of f.
3
Let v(j) = 1098*j**2 + 4*j - 2. What are the prime factors of v(1)?
2, 5, 11
Let r(f) be the second derivative of f**4/6 - 5*f**3/3 - 5*f**2 + 10*f. List the prime factors of r(8).
2, 19
Let x(v) = -7*v**2 - 4*v - 2. Let p be x(-4). List the prime factors of (p/4)/((-4)/8).
7
Let i(u) = -39*u - 2. Let d be i(1). Let r = d - -139. What are the prime factors of r?
2, 7
Let z(h) = 89*h**2 - 37*h + 19. List the prime factors of z(6).
3001
Let b(l) = -3*l - 20. Let p be b(-8). Suppose -f + 4*s + p = 0, -4*s + 2*s = 0. What are the prime factors of (4 - f - 21)/(-1)?
3, 7
Let u be -1 + 0/2 + -43. Let n = 325 + -219. Let f = u + n. What are the prime factors of f?
2, 31
Suppose -13*d = -16750 + 4205. What are the prime factors of d?
5, 193
Let q = 27 + -22. Suppose 0 = -q*r + 112 - 92. List the prime factors of r.
2
Let d(r) = -r**2 + 5*r - 6. Let q(x) = x**2 - 4*x + 5. Let b(o) = 3*d(o) + 2*q(o). Let j be b(7). Let c(l) = -l + 13. List the prime factors of c(j).
3, 7
List the prime factors of (-6)/12 - 6793/(-2).
2, 3, 283
Let h = 257 - 104. What are the prime factors of h?
3, 17
Let q(h) = h**3 - 9*h**2 - 14*h + 1. Let d be q(10). Let i = -7 - d. Let l = i + 10. What are the prime factors of l?
2, 3, 7
Suppose i + 4*c = 2*c - 4, -4*i + 4*c = -32. Suppose -6 = -d - i. Suppose 106 = 4*p - 3*o, -4*o + 120 = -d*p + 6*p. What are the prime factors of p?
2, 7
Let s = 109 - 41. Let b = 227 - s. List the prime factors of b.
3, 53
Suppose 0 = 4*i - 4*f - 3624, -3*f + 7 = 13. What are the prime factors of i?
2, 113
Let j(k) = 82*k + 143. List the prime factors of j(18).
1619
Suppose -4*z - 2 = g - 14, -3*z + 43 = 5*g. Suppose -c - i = -64, -4*i = c - g*i - 49. List the prime factors of c.
61
Let s(j) = -j**3 + j**2 - 5*j + 855. List the prime factors of s(0).
3, 5, 19
Let v = -4 - -8. Suppose 9 - v = -f. What are the prime factors of (-4)/(20/f) + 19?
2, 5
Let z(l) = -l**3 + 8*l**2 - l + 11. Let r be z(8). Suppose b = r*b - 80. Suppose 0*o - 3*o + 4*p + b = 0, -5*o - 5*p = -20. List the prime factors of o.
2
List the prime factors of 3/(-9) + 2 + (-2918)/(-6).
2, 61
Suppose -13*s + 15 = 54. List the prime factors of 3 + s + (3 - -147).
2, 3, 5
Let o be (-878)/(-38) + (-30)/285. Let j(t) = t**2 - t. Let d be j(4). Suppose -5*b + o = -b - z, d = 3*b + z. What are the prime factors of b?
5
Suppose 2*u + 0*u + 78 = 4*p, -5*u = -p + 15. What are the prime factors of (-4)/p*-5 - -278?
3, 31
Suppose 5*g - 45 = 2*g. Let q = g - 11. What are the prime factors of q?
2
Suppose 3*q = 2*n + 2*n + 107, -49 = -q - 2*n. Let j = q + 116. What are the prime factors of j?
157
Suppose -3*z - 4*l + 674 = 0, -3*l + 452 = 2*z - l. Let q = z - 160. Suppose -11*a + 4*a = -q. What are the prime factors of a?
2, 5
Let l(b) = -2 - 2 + 16*b**2 - 10*b - 17*b**2. What are the prime factors of l(-5)?
3, 7
Suppose 18*s = 20857 + 12065. What are the prime factors of s?
31, 59
Let r(w) = 6*w**2 - 1. Let k be r(-1). Suppose -k*b + 59 = -16. What are the prime factors of (b/(-2))/((-9)/12)?
2, 5
Suppose 0*y + 3*y = -4*o + 42, 0 = y - 2*o - 24. Let g = y - 9. What are the prime factors of 28/(-126) - (-182)/g?
2, 5
Let r be (-1 - -11)/(-5) - -7. Suppose r*g - 19 = 101. What are the prime factors of g?
2, 3
Let r(i) = -i**3 - 14*i**2 + 17*i + 10. Let l be r(-15). Let b = l - -4. Let m = 13 - b. List the prime factors of m.
29
Suppose -3*n - 67 = -4*k, -2*k = 4*n - 72 + 22. Let z = 67 - k. List the prime factors of z.
2, 3
Suppose -29 - 1 = -g + 5*u, 4*g = 5*u + 135. Let j = g + -17. List the prime factors of j.
2, 3
Let a(r) = -2*r**3 + 12*r**2 - 14*r + 10. Let m be a(5). List the prime factors of m/(-20)*((-2)/(-2) - -53).
3
Let n(t) = 2*t**3 + 0*t**3 + 14*t**2 + 2 - 3*t - 14*t**2. Let s be n(3). Suppose -3*u - 5*k + 183 - s = 0, -5*u - 3*k + 232 = 0. List the prime factors of u.
47
Suppose -217 - 368 = 5*a. What are the prime factors of 126/26 - 18/a?
5
Let g = -43 + 165. Suppose -g*j - 70 = -127*j. What are the prime factors of j?
2, 7
